r**2 - 6*r + 3. Calculate h(-3).
-6
Let k(i) = i**3 + 12*i**2 + i + 17. Give k(-12).
5
Let f(l) = l**2 + l - 16. Calculate f(0).
-16
Let k(t) = t - 6. Determine k(-6).
-12
Let x(b) = -10*b + 66. Determine x(5).
16
Let s(o) = o**3 - 4*o**2 - 4*o + 10. Calculate s(5).
15
Let a(z) = -z**3 + 10*z**2 + 11*z + 7. Calculate a(10).
117
Let v(u) = 6*u - 1. Give v(-2).
-13
Let u(s) = -s - 19. Calculate u(-10).
-9
Let m(l) = -152*l**2 + 3*l - 2. What is m(1)?
-151
Let u(l) = 2*l**2 + 24*l - 4. What is u(-13)?
22
Let h(b) = -b**3 + b + 13. Determine h(0).
13
Let d(w) = w**2 - 12*w - 9. Calculate d(10).
-29
Let s(v) = -2*v + 14. Determine s(6).
2
Let r(k) = -k**2 + 11*k - 5. Determine r(5).
25
Let g(c) = -5*c - 11. What is g(3)?
-26
Let d(h) = h**3 - 15*h**2 + 26*h + 14. Give d(13).
14
Let y(w) = -2*w**3 - 9*w**2 - 5*w - 9. Give y(-6).
129
Let n(g) = 8*g**2 + 49*g - 3. What is n(-6)?
-9
Let j(l) = -4*l**2 + 14*l - 2. Determine j(4).
-10
Let j(h) = 3*h + 63. Determine j(-16).
15
Let c(j) = j**3 - 12*j**2 + 23*j - 56. Calculate c(10).
-26
Let t(s) = s**2 + 6*s - 18. What is t(-8)?
-2
Let i(v) = -v**2 + 7*v + 4. Give i(8).
-4
Let n(k) = -k**2 + 3*k + 11. What is n(6)?
-7
Let v(c) = c - 2. Calculate v(-1).
-3
Let u(y) = y**3 - 24*y**2 - 22*y + 5. Determine u(25).
80
Let s(c) = -24*c + 54. What is s(2)?
6
Let k(z) = -z**3 + 11*z**2 + 11*z + 16. Calculate k(12).
4
Let x(c) = -c**2 - 5*c + 10. Calculate x(-5).
10
Let t(o) = -o**2 + 8*o + 9. Give t(10).
-11
Let a(r) = -r**2 + 14*r + 8. Give a(14).
8
Let r(t) = -9*t. What is r(2)?
-18
Let y(k) = -5*k - 45. Determine y(13).
-110
Let i(s) = -8*s. What is i(-8)?
64
Let b(p) = -p**2 - 18*p - 27. Calculate b(-15).
18
Let t(k) = k**3 + 11*k**2 - 13*k + 2. Determine t(-12).
14
Let q(v) = -v**2 + 18*v + 18. Calculate q(17).
35
Let u(w) = 2*w - 18. Determine u(8).
-2
Let q(c) = -2*c**3 - 18*c**2 - 5*c + 7. Calculate q(-9).
52
Let j(t) = -3*t - 31. Give j(-8).
-7
Let n(l) = -17*l - 1. Calculate n(1).
-18
Let x(k) = 5*k + 1. Calculate x(-1).
-4
Let j(p) = 2*p + 5. Determine j(-6).
-7
Let p(i) = -4*i - 19. Calculate p(6).
-43
Let r(h) = -h**2 - 5*h + 33. Give r(-9).
-3
Let u(j) = j + 9. Give u(-17).
-8
Let z(f) = -f**3 + 7*f**2 + 21*f - 109. What is z(8)?
-5
Let m(y) = -y**3 + 12*y**2 - 33*y + 7. Give m(5).
17
Let i(c) = -c**2 + 15*c - 16. What is i(14)?
-2
Let q(m) = 3*m**3 + 2*m**2 - 2*m - 1. Give q(-2).
-13
Let s(q) = -2*q**3 + 2*q**2 + 5*q - 6. Determine s(2).
-4
Let a(q) = -q + 22. Determine a(10).
12
Let i(x) = -20*x + 15. Determine i(1).
-5
Let v(m) = -m**3 + 23. Determine v(0).
23
Let v(k) = -2*k**2 + 8*k - 2. Give v(6).
-26
Let v(u) = 2*u - 17. Calculate v(5).
-7
Let c(s) = s**2 + 17*s + 50. What is c(-16)?
34
Let r(c) = -123*c - 846. Determine r(-7).
15
Let q(b) = b + 23. Determine q(-13).
10
Let w(v) = 124*v**3 + 1. Calculate w(-1).
-123
Let b(x) = -x**2 + 5*x - 13. Calculate b(8).
-37
Let o(n) = n**3 - 5*n**2 - 5*n + 39. What is o(5)?
14
Let n(r) = -r**2 + 11*r - 1. Determine n(14).
-43
Let g(o) = o**2 + 11*o + 12. Calculate g(-11).
12
Let m(r) = 2*r - 6. Calculate m(-4).
-14
Let s(x) = 2*x**2 + x - 7. Determine s(-6).
59
Let n(z) = -2*z**2 - 14*z + 6. What is n(-4)?
30
Let s(a) = -a**3 + 2*a**2 + 2*a + 1. Determine s(-1).
2
Let u(j) = -2*j**2 + 3*j + 3. What is u(-2)?
-11
Let f(h) = -h**3 - 4*h**2 + 15*h + 15. Determine f(-6).
-3
Let u(z) = 2*z**3 + 5*z**2 - 13*z - 31. Calculate u(-3).
-1
Let h(c) = -c**2 + 19. Give h(3).
10
Let c(a) = a**3 - 18*a**2 + 33*a - 3. What is c(16)?
13
Let k(t) = 2*t**2 - 14*t + 36. What is k(9)?
72
Let i(r) = -2*r**2 - 76*r + 63. Give i(-39).
-15
Let f(j) = -7*j**2 - 2*j + 1. What is f(1)?
-8
Let b(r) = 34*r + 1012. Calculate b(-30).
-8
Let q(r) = -3*r**2 + 3*r - 1. What is q(3)?
-19
Let p(j) = -j**3 - 21*j**2 + 20*j - 48. What is p(-22)?
-4
Let r(l) = 2*l - 16. Determine r(6).
-4
Let k(n) = n**2 - 8. Give k(-4).
8
Let j(f) = -f**3 + 7*f**2 + 2*f - 2. Calculate j(8).
-50
Let m(h) = -2*h**2 - 6*h + 43. Calculate m(-6).
7
Let j(p) = -3*p + 3. Calculate j(3).
-6
Let k(b) = -b - 12. Calculate k(11).
-23
Let p(d) = d**2 + 25*d + 85. Give p(-22).
19
Let t(n) = n**3 - 3*n**2 - 3*n + 8. What is t(4)?
12
Let r(x) = 4*x - 7. Determine r(-1).
-11
Let i(w) = -6*w - 2. Determine i(-1).
4
Let n(l) = 2*l**2 - 81*l - 146. Calculate n(42).
-20
Let j(r) = r**3 - 52*r**2 + 101*r - 31. Determine j(50).
19
Let x(y) = -y**3 - 11*y**2 + 2*y + 15. Calculate x(-11).
-7
Let u(j) = 2*j**3 + 20*j**2 + 3*j + 1. Determine u(-10).
-29
Let j(t) = 2*t**3 + t**2 - 13*t + 8. What is j(3)?
32
Let c(t) = -t**3 - 8*t**2 - 16*t - 8. Give c(-4).
-8
Let b(l) = 7*l + 14. Calculate b(-2).
0
Let c(x) = -x**3 - 4*x**2 + 19*x + 10. What is c(-5)?
-60
Let u(h) = -3*h - 2. Determine u(-8).
22
Let x(j) = -2*j**2 + 8*j + 18. Calculate x(6).
-6
Let k(l) = -6*l + 42. Give k(6).
6
Let u(r) = r**3 - 17*r**2 - 16*r - 34. What is u(18)?
2
Let f(z) = -z**2 + 3*z - 5. What is f(-4)?
-33
Let n(p) = p**3 - 6*p**2 - 9*p - 4. What is n(8)?
52
Let b(k) = -k**2 - 9*k + 14. Calculate b(-10).
4
Let p(r) = r**2 - 9*r + 1. What is p(10)?
11
Let d(q) = -q**3 + 6*q**2 - 4*q + 5. Give d(4).
21
Let h(u) = 2*u + 18. Give h(-7).
4
Let s(t) = -t**2 + 2*t - 8. Calculate s(6).
-32
Let a(s) = -s**3 + 30*s**2 - 30*s + 32. Calculate a(29).
3
Let q(d) = 9*d - 6. What is q(2)?
12
Let q(p) = -3*p - 87. Give q(-28).
-3
Let o(u) = 17*u**2 - 136*u + 6. Determine o(8).
6
Let d(w) = -w + 19. Calculate d(17).
2
Let t(u) = -u**2 - 6*u + 5. Determine t(-6).
5
Let i(a) = -a**3 - 12*a**2 + 14*a + 10. Determine i(-13).
-3
Let x(r) = r**3 - 10*r**2 - 2*r + 8. Calculate x(10).
-12
Let p(v) = -v**3 + 13*v**2 + 88*v + 27. Calculate p(18).
-9
Let r(v) = v**2 - 9*v - 21. Determine r(11).
1
Let a(d) = -d**2 - 22*d - 4. Determine a(-5).
81
Let o(h) = -h**2 - 8*h + 73. Determine o(-15).
-32
Let j(w) = w**2 + 8*w + 7. Determine j(-7).
0
Let d(m) = -m**2 + 33*m - 116. Determine d(29).
0
Let w(z) = -7*z + 40. Calculate w(5).
5
Let k(i) = -i**3 + 3*i**2 + 11*i - 3. Calculate k(5).
2
Let k(v) = 33*v + 125. Calculate k(-4).
-7
Let v(y) = -3*y**2 + y + 1. What is v(2)?
-9
Let o(b) = b**2 + 9*b. Determine o(-9).
0
Let a(w) = -4*w - 50. Give a(-9).
-14
Let c(n) = n**3 - 8*n**2 + 13*n - 8. Give c(6).
-2
Let x(z) = 2*z**2 + 44*z - 146. Give x(-25).
4
Let m(t) = t**3 + 8*t**2 + 23*t - 13. What is m(-6)?
-79
Let p(w) = -9*w + 24. Calculate p(-5).
69
Let h(m) = -m**3 + 12*m**2 - m - 17. Calculate h(12).
-29
Let l(r) = -r**3 - 9*r**2 + 23*r + 24. Give l(-11).
13
Let a(z) = -z**2 + 1. Give a(-1).
0
Let m(f) = -f**3 + 31*f**2 - 27*f - 94. Determine m(30).
-4
Let o(a) = -22*a**2 + a. Determine o(1).
-21
Let x(z) = 5*z**3. What is x(2)?
40
Let t(x) = -x**2 - 10*x + 19. Give t(-10).
19
Let g(r) = -r**3 - 5*r**2 - 3*r - 17. What is g(-5)?
-2
Let b(j) = 6*j + 46. What is b(-6)?
10
Let b(y) = 3*y + 36. Calculate b(15).
81
Let m(u) = u**3 - 30*u**2 + 30*u - 29. Calculate m(29).
0
Let s(y) = y**2 - 17*y + 16. Calculate s(17).
16
Let q(w) = -w**2 - 9*w + 26. Determine q(-13).
-26
Let j(g) = -g**2 + 9*g - 21. Calculate j(5).
-1
Let c(g) = -g**3 + 2*g + 4. Calculate c(-2).
8
Let g(z) = -z**3 - z**2 - 8. What is g(3)?
-44
Let l(i) = -8*i - 12. Calculate l(-2).
4
Let f(i) = i**2 - 12*i + 2. What is f(11)?
-9
Let r(h) = -h**2 + 10*h + 40. Give r(13).
1
Let t(h) = -h**2 - h + 58. What is t(-11)?
-52
Let n(c) = -2*c**3 + 1. What is n(-1)?
3
Let u(r) = -16*r + 16. Determine u(1).
0
Let a(h) = 38*h + 1. Give a(1).
39
Let g(h) = 2*h + 33. Calculate g(-10).
13
Let r(l) = 10*l + 5. Determine r(-6).
-55
Let o(g) = g**3 - 10*g**2 + 8*g - 85. Calculate o(10).
-5
Let n(m) = -2*m + 34. What is n(10)?
14
Let s(q) = 94*q - 1038. Give s(11).
-4
Let z(c) = -c**3 + 8*c**2 - 6*c + 4. Give z(7).
11
Let a(w) = -w**3 - 7*w**2 + 3*w - 5. What is a(-8)?
35
Let p(c) = -35*c - 54. What is p(-2)?
16
Let j(t) = t**2 - 6*t + 1. Give j(-3).
28
Let p(v) = v**2 + v - 2. Give p(1).
0
Let r(c) = 2*c**2 - 29*c + 56. Determine r(13).
17
Let n(v) = 5*v + 52. What is n(-9)?
7
Let v(s) = 7*s**2 - s. Determine v(-1).
8
Let d(k) = -k**2 - 9*k - 4. Determine d(-5).
16
Let u(a) = -a + 5. Determine u(4).
1
Let m(z) = -z**3 - 12*z**2 - 3*z - 39. Calculate m(-12).
-3
Let a(c) = -17*c + 3. Calculate a(-1).
20
Let i(r) = -r**2 - 12*r - 14. Calculate i(-10).
